culate b(-12).
-11
Let j(x) = -x**2 + 34*x - 6. Give j(-2).
-78
Let z(x) = -68*x + 4756. Give z(70).
-4
Let r(m) = 2*m**2 - 7*m - 143. What is r(10)?
-13
Let a(t) = -20*t + 884. What is a(46)?
-36
Let o(w) = -2864*w - 5691. Calculate o(-2).
37
Let n(z) = -z**2 - 213*z + 1086. Calculate n(5).
-4
Let p(j) = 6*j**2 - 122*j + 549. Give p(12).
-51
Let z(q) = 6*q**2 + 4*q - 54. Calculate z(3).
12
Let x(d) = -d**3 - 6*d**2 + 9*d + 11. Determine x(2).
-3
Let a(c) = -15*c**3 - 183*c**2 - 37*c - 10. Calculate a(-12).
2
Let g(j) = 3*j**2 + 237*j - 55. Give g(0).
-55
Let f(l) = -16*l + 263. Give f(16).
7
Let v(f) = -f**3 - 8*f**2 + 276*f - 36. Give v(13).
3
Let a(v) = 3*v**3 + 31*v**2 + 15*v + 34. Calculate a(-10).
-16
Let p(f) = 5*f**2 - 504*f + 5634. What is p(88)?
2
Let k(j) = -499*j + 2371. Determine k(5).
-124
Let d(v) = v**3 - 10*v**2 + v + 109. What is d(10)?
119
Let t(w) = 2*w**2 - 6*w + 31. Determine t(0).
31
Let a(m) = m**3 + 2*m**2 - 86*m - 372. Calculate a(-7).
-15
Let w(p) = 10*p**3 - 14*p**2 - 26*p + 4. Calculate w(-2).
-80
Let z(q) = -632*q - 7583. What is z(-12)?
1
Let x(h) = -8172*h + 65378. What is x(8)?
2
Let i(v) = -5*v**2 - 24*v + 1885. What is i(-22)?
-7
Let w(c) = c**3 + 2*c**2 + 18*c + 9. What is w(-6)?
-243
Let q(f) = f**3 - 5*f**2 - 9*f + 35. Calculate q(6).
17
Let o(q) = 12*q**2 - 93*q - 44. Calculate o(8).
-20
Let x(l) = -6*l**2 - 287*l - 161. Determine x(-51).
-1130
Let q(n) = 2*n - 51. Determine q(8).
-35
Let w(o) = 26*o + 632. Calculate w(-22).
60
Let x(s) = 11*s + 1172. Give x(-67).
435
Let s(q) = -92*q + 285. Determine s(3).
9
Let k(p) = -p**2 - 151*p - 4208. Calculate k(-36).
-68
Let q(g) = 116*g + 1387. Determine q(-12).
-5
Let r(d) = -93*d - 718. Determine r(-7).
-67
Let w(x) = 978*x + 2940. Determine w(-3).
6
Let a(h) = h**3 - 4*h**2 + 2*h - 49. What is a(6)?
35
Let s(t) = -580*t + 46. Determine s(-1).
626
Let v(s) = -1867*s + 16807. Calculate v(9).
4
Let i(g) = -2*g**3 + 29*g**2 - 78*g + 49. Give i(12).
-167
Let c(u) = -14*u + 398. What is c(41)?
-176
Let h(w) = -251*w**2 - 1501*w + 21. Calculate h(-6).
-9
Let f(r) = r**2 - 51*r + 346. Calculate f(43).
2
Let p(w) = 32*w + 35. Determine p(-1).
3
Let r(b) = b**3 - b**2 + 6*b + 11. Give r(-4).
-93
Let m(t) = -t**2 - 75*t - 383. Give m(-71).
-99
Let g(p) = -p**2 + 193*p - 1658. Determine g(9).
-2
Let g(r) = -2*r**3 + 36*r**2 - 3*r - 86. Give g(18).
-140
Let f(a) = 3*a + 1. Give f(-6).
-17
Let w(f) = 47*f**2 - 5*f + 23. What is w(3)?
431
Let o(h) = 5*h**2 - 96*h - 66. Give o(20).
14
Let s(k) = -2*k**2 + 256*k - 756. Calculate s(125).
-6
Let a(z) = -z**2 + 26*z + 1245. Give a(50).
45
Let p(b) = -b**2 + 39*b - 228. What is p(22)?
146
Let y(f) = -91*f + 840. Determine y(9).
21
Let x(g) = -66*g - 79. What is x(-2)?
53
Let p(u) = -25*u - 1590. What is p(-59)?
-115
Let f(s) = -11*s - 257. Give f(-25).
18
Let o(v) = -12*v**2 + 158*v - 26. Calculate o(13).
0
Let w(f) = -135*f - 896. Determine w(-6).
-86
Let q(f) = 117*f - 47. Determine q(0).
-47
Let f(v) = 6*v**3 - 5*v**2 - 2*v + 1. Calculate f(-3).
-200
Let a(k) = k + 52. What is a(42)?
94
Let a(s) = 32*s - 86. Determine a(4).
42
Let q(o) = -o**3 - 29*o**2 - 67*o - 365. What is q(-27)?
-14
Let f(m) = -m**3 - 10*m**2 + 28*m + 24. Determine f(-11).
-163
Let b(o) = -9*o**2 - 67*o + 31. Determine b(-9).
-95
Let l(s) = -437*s - 18786. Calculate l(-43).
5
Let z(a) = -a**3 + 5*a**2 + 29*a - 116. Give z(4).
16
Let l(z) = 11*z - 64. Determine l(-2).
-86
Let l(o) = 3*o**2 + 25*o + 45. Calculate l(-7).
17
Let b(s) = -120*s - 1798. Determine b(-15).
2
Let n(r) = -2*r**2 - 46*r - 77. Give n(-20).
43
Let c(i) = -i**2 + 2*i + 198. What is c(-21)?
-285
Let s(t) = -49*t + 315. Give s(5).
70
Let i(y) = -2*y**3 - 52*y**2 + 112*y - 23. Give i(-28).
-23
Let q(s) = -1248*s - 9941. Give q(-8).
43
Let w(g) = 2744*g - 16475. Determine w(6).
-11
Let g(k) = -6*k**2 + 44*k - 24. Give g(6).
24
Let f(s) = -s**3 - 9*s**2 + 4*s - 1. Determine f(-9).
-37
Let p(j) = 117*j - 130. What is p(1)?
-13
Let f(k) = -322*k + 644. Give f(2).
0
Let p(f) = f**3 + 19*f**2 + 79*f + 23. Determine p(-13).
10
Let y(b) = 2*b**3 - 19*b**2 + 22*b - 1. Determine y(9).
116
Let k(i) = -i**2 - 85*i + 560. What is k(7)?
-84
Let s(v) = 2*v**3 + 37*v**2 - 24*v - 37. Calculate s(-19).
58
Let z(b) = -1551*b - 31028. Calculate z(-20).
-8
Let y(l) = 3*l**2 - 29*l + 71. What is y(6)?
5
Let r(c) = -5*c**3 + 17*c**2 + 47*c + 26. Determine r(-2).
40
Let j(z) = -56*z + 1831. Calculate j(33).
-17
Let a(s) = -s**2 + 63*s - 847. Determine a(20).
13
Let p(z) = -z**3 - 16*z**2 - 20*z - 72. Determine p(-15).
3
Let p(o) = -o**3 - 7*o**2 + 9*o + 3. What is p(-8)?
-5
Let t(s) = -s**3 - 21*s**2 - 59*s - 102. Determine t(-18).
-12
Let v(a) = -453*a - 12225. Give v(-27).
6
Let t(a) = 3*a + 133. What is t(-49)?
-14
Let l(c) = c**3 + 75*c**2 - 75*c + 10. Give l(-76).
-66
Let x(u) = -8*u**2 + 29*u + 450. Determine x(-6).
-12
Let s(f) = 603*f - 8443. What is s(14)?
-1
Let a(p) = 3*p**3 + 42*p**2 + 6*p + 84. Determine a(-14).
0
Let l(y) = -18*y + 802. Give l(45).
-8
Let v(u) = -u**2 + 4*u + 303. Give v(-19).
-134
Let t(d) = -33*d**2 + 30*d - 29. Determine t(4).
-437
Let g(y) = y**3 - 136*y**2 + 115*y + 2693. Calculate g(135).
-7
Let h(p) = -p**2 + 41*p - 19. What is h(32)?
269
Let i(w) = 2*w**3 + 8*w**2 + 95*w + 385. Give i(-4).
5
Let s(p) = 4797*p - 4801. Give s(1).
-4
Let d(n) = n**3 - 20*n**2 - 2*n - 17. What is d(20)?
-57
Let b(t) = t**3 - 46*t - 8. What is b(7)?
13
Let b(i) = -97*i - 588. Determine b(-6).
-6
Let v(p) = -p**3 - 219*p**2 - 20*p - 4380. Determine v(-219).
0
Let u(t) = 3132*t - 115876. What is u(37)?
8
Let s(y) = -155*y + 1711. Determine s(11).
6
Let n(x) = -x**3 + 5*x**2 + 32*x + 108. What is n(-5)?
198
Let s(x) = -55*x**2 - 267*x + 89. Determine s(-5).
49
Let r(q) = -4*q**2 - 58*q + 41. Determine r(-17).
-129
Let q(h) = -11505*h + 46007. Determine q(4).
-13
Let i(v) = -2*v**3 + 8*v**2 - 160*v + 824. Calculate i(5).
-26
Let h(d) = d**3 + 25*d**2 + 154*d + 90. What is h(-15)?
30
Let c(b) = 235*b - 1182. What is c(5)?
-7
Let a(t) = -t**2 + 5*t - 2. Calculate a(5).
-2
Let l(o) = -432*o - 17275. Calculate l(-40).
5
Let w(s) = -s**3 - 28*s**2 - 20*s + 164. What is w(-27)?
-25
Let x(b) = 146*b - 6201. Determine x(42).
-69
Let n(o) = 630*o - 21427. Determine n(34).
-7
Let r(x) = -x - 41. What is r(6)?
-47
Let s(o) = -3*o + 300. Determine s(16).
252
Let o(q) = -9576*q - 28725. Give o(-3).
3
Let c(a) = 22*a + 579. Determine c(-23).
73
Let m(i) = -2*i**3 - 63*i**2 + 31*i - 41. Calculate m(-32).
-9
Let d(f) = f**3 + 85*f**2 - 180*f - 406. Calculate d(-87).
116
Let c(x) = 13*x + 145. Determine c(-11).
2
Let c(j) = 208*j**2 + 1869*j - 30. Calculate c(-9).
-3
Let s(a) = -a**2 - 20*a - 57. Give s(-3).
-6
Let d(i) = 43*i + 215. What is d(-5)?
0
Let b(m) = -476*m + 24725. What is b(52)?
-27
Let t(k) = 10*k**2 - 393*k + 50. What is t(39)?
-67
Let r(h) = 174*h + 8534. Determine r(-49).
8
Let j(y) = -4226*y - 21124. What is j(-5)?
6
Let j(v) = 8332*v + 8330. Give j(-1).
-2
Let h(t) = 39*t + 3943. What is h(-101)?
4
Let t(x) = x**2 - 2*x - 8103. Determine t(-89).
-4
Let w(g) = 3*g**3 + 9*g**2 - 14*g - 1. What is w(-5)?
-81
Let j(q) = -145*q - 4. Calculate j(0).
-4
Let v(l) = -l**3 - 49*l**2 - 86*l + 396. Determine v(-47).
20
Let n(l) = -l**3 + 11*l**2 + 66*l - 551. Determine n(7).
107
Let y(j) = -j**2 + 11*j - 65. Give y(5).
-35
Let s(p) = -4608*p + 18441. Calculate s(4).
9
Let n(k) = k**3 - 226*k**2 - 5167*k - 4945. Give n(247).
-5
Let i(j) = -60*j + 728. What is i(12)?
8
Let x(d) = -2*d**2 + 17*d - 142. Determine x(6).
-112
Let p(w) = -142*w + 5144. What is p(36)?
32
Let k(d) = -d**3 + d**2 - 7*d + 16. Determine k(-5).
201
Let h(p) = -1619*p - 50185. What is h(-31)?
4
Let f(c) = 5767*c + 34590. Give f(-6).
-12
Let d(b) = -2*b**3 - 22*b**2 + 52*b + 20. What is d(-15)?
1040
Let k(m) = -997*m - 1926. Give k(-2).
68
Let b(q) = -q**2 - 632*q + 3823. Determine b(6).
-5
Let i(a) = 361*a + 2855. Determine i(-8).
-33
Let n(s) = -3*s**2 + 1774*s + 5335. Calculate n(-3).
-14
Let k(p) = 57*p**3 - p**2 + 42*p - 41. Calculate k(1).
57
Let u(k) = -3*k**2 - 9*k - 27. Determine u(0).
-27
Let a(v) = -v**3 - 3*v**2 - 439*v - 1325. Calculate a(-3).
-8
Let k(q) = -q**2 - 51*q - 119. What is k(-45)?
151
Let d(l) = 4*l**3 - 64*l**2 